{"id":5,"date":"2020-11-06T22:07:50","date_gmt":"2020-11-06T22:07:50","guid":{"rendered":"http:\/\/wbrseg.com.br\/?page_id=5"},"modified":"2020-11-22T17:47:14","modified_gmt":"2020-11-22T17:47:14","slug":"contato","status":"publish","type":"page","link":"https:\/\/wbrseg.com.br\/?page_id=5","title":{"rendered":"Contato"},"content":{"rendered":"\n<div class=\"wp-block-buttons\">\n<div class=\"wp-block-button\"><a class=\"wp-block-button__link\"><span class=\"has-inline-color has-white-color\"><strong>11  2450 -7910<\/strong> <\/span><\/a><\/div>\n\n\n\n<div class=\"wp-block-button\"><a class=\"wp-block-button__link\"><span class=\"has-inline-color has-white-color\"> (11) 94009-6160<\/span><\/a><\/div>\n<\/div>\n\n\n\n<hr class=\"wp-block-separator\"\/>\n\n\n\n<div class=\"wp-block-image\"><figure class=\"alignleft size-large\"><img loading=\"lazy\" width=\"260\" height=\"194\" src=\"http:\/\/wbrseg.com.br\/wp-content\/uploads\/2020\/11\/telefoneIP.jpg\" alt=\"\" class=\"wp-image-36\"\/><\/figure><\/div>\n\n\n\n<p>Ligue para n\u00f3s, teremos o prazer em conversar sobre uma solu\u00e7\u00e3o de seguran\u00e7a para voc\u00ea.<\/p>\n\n\n\n<p>Se preferir mande um e-mail para <a href=\"mailto:comercial@wbrseg.com.br\">comercial@wbrseg.com.br<\/a><\/p>\n","protected":false},"excerpt":{"rendered":"<p>Ligue para n\u00f3s, teremos o prazer em conversar sobre uma solu\u00e7\u00e3o de seguran\u00e7a para voc\u00ea. Se preferir mande um e-mail para comercial@wbrseg.com.br<\/p>\n","protected":false},"author":1,"featured_media":0,"parent":0,"menu_order":0,"comment_status":"closed","ping_status":"closed","template":"","meta":[],"_links":{"self":[{"href":"https:\/\/wbrseg.com.br\/index.php?rest_route=\/wp\/v2\/pages\/5"}],"collection":[{"href":"https:\/\/wbrseg.com.br\/index.php?rest_route=\/wp\/v2\/pages"}],"about":[{"href":"https:\/\/wbrseg.com.br\/index.php?rest_route=\/wp\/v2\/types\/page"}],"author":[{"embeddable":true,"href":"https:\/\/wbrseg.com.br\/index.php?rest_route=\/wp\/v2\/users\/1"}],"replies":[{"embeddable":true,"href":"https:\/\/wbrseg.com.br\/index.php?rest_route=%2Fwp%2Fv2%2Fcomments&post=5"}],"version-history":[{"count":5,"href":"https:\/\/wbrseg.com.br\/index.php?rest_route=\/wp\/v2\/pages\/5\/revisions"}],"predecessor-version":[{"id":41,"href":"https:\/\/wbrseg.com.br\/index.php?rest_route=\/wp\/v2\/pages\/5\/revisions\/41"}],"wp:attachment":[{"href":"https:\/\/wbrseg.com.br\/index.php?rest_route=%2Fwp%2Fv2%2Fmedia&parent=5"}],"curies":[{"name":"wp","href":"https:\/\/api.w.org\/{rel}","templated":true}]}}